 common divisor of 173043 and 325.
13
What is the greatest common factor of 254 and 960395209?
127
What is the greatest common factor of 88585398 and 594?
198
Calculate the greatest common divisor of 13040 and 38258056.
1304
Calculate the greatest common factor of 216276 and 565078.
134
What is the highest common factor of 164298 and 190302?
1182
Calculate the greatest common factor of 141346 and 6322.
58
Calculate the highest common factor of 109 and 2992540609.
109
Calculate the highest common divisor of 7141 and 342289553.
7141
What is the highest common factor of 7148768 and 138?
46
Calculate the highest common divisor of 848 and 305024.
16
What is the highest common divisor of 153480 and 20295172?
5116
What is the greatest common divisor of 153 and 13423?
1
Calculate the greatest common divisor of 451768 and 16.
8
What is the highest common factor of 2081896698 and 1302?
1302
What is the greatest common divisor of 268 and 440068?
4
What is the highest common divisor of 13670 and 12286596?
2734
What is the greatest common factor of 666276 and 15132?
156
What is the greatest common divisor of 94968 and 22752?
72
Calculate the highest common factor of 800 and 867040.
160
Calculate the greatest common divisor of 620 and 9471430.
310
Calculate the highest common divisor of 490 and 505550.
10
What is the highest common factor of 1704 and 4537752?
1704
What is the greatest common factor of 8294567 and 2569?
367
Calculate the highest common divisor of 19607386 and 4790.
958
What is the highest common factor of 300253 and 16189471?
1423
What is the greatest common divisor of 392 and 4555?
1
What is the greatest common factor of 105 and 53623255?
35
What is the greatest common divisor of 586280602 and 6694?
6694
Calculate the highest common divisor of 3830 and 21515408.
766
What is the highest common factor of 235 and 20343997?
47
What is the greatest common factor of 22020768 and 184800?
7392
Calculate the greatest common factor of 39055 and 7021340.
535
Calculate the greatest common divisor of 75944 and 693852.
3452
What is the greatest common divisor of 22881 and 488853?
87
What is the highest common factor of 193 and 932759350?
193
What is the greatest common divisor of 26229710 and 195?
65
What is the highest common divisor of 44848584 and 176?
88
What is the highest common divisor of 13201000 and 1290?
430
What is the greatest common divisor of 72912 and 157920?
336
What is the greatest common divisor of 260 and 204399820?
20
What is the highest common factor of 137762826 and 18?
6
What is the greatest common divisor of 346241412 and 7128?
1188
What is the highest common divisor of 116345600 and 3136?
3136
Calculate the highest common divisor of 1442128 and 544.
16
What is the greatest common divisor of 32 and 66430816?
32
What is the highest common divisor of 4227963980 and 134?
134
Calculate the greatest common divisor of 5291458 and 4642.
422
What is the greatest common factor of 1893 and 157215543?
1893
Calculate the greatest common factor of 2805 and 16376865.
255
Calculate the highest common divisor of 156730645 and 725.
145
Calculate the greatest common divisor of 36570690 and 1510.
1510
What is the greatest common divisor of 68494361 and 7465?
1493
What is the highest common divisor of 25473 and 11229954?
3639
What is the greatest common divisor of 118560672 and 180?
36
Calculate the highest common divisor of 227 and 158019013.
227
Calculate the highest common divisor of 18 and 568494.
18
What is the greatest common divisor of 3665298 and 102202?
274
What is the highest common divisor of 362 and 4315945?
181
What is the highest common divisor of 42 and 10407488?
14
Calculate the highest common factor of 1196 and 6189248.
52
Calculate the highest common divisor of 4819635 and 5.
5
Calculate the greatest common divisor of 4784 and 1310608.
208
What is the greatest common factor of 4452840 and 897636?
7068
What is the greatest common divisor of 649576490 and 430?
430
What is the greatest common factor of 2400 and 94189200?
1200
Calculate the greatest common divisor of 2129199 and 561.
51
What is the highest common divisor of 12460 and 159470556?
2492
Calculate the highest common factor of 992932 and 41144.
148
What is the greatest common divisor of 5376134 and 4361?
89
What is the highest common factor of 2628 and 9185882?
146
Calculate the greatest common factor of 12464792 and 16.
8
What is the highest common factor of 1038768 and 70091?
323
What is the highest common divisor of 28289630 and 119278?
5186
Calculate the highest common divisor of 45965717 and 11816.
1477
What is the highest common factor of 118886201 and 2744?
343
What is the greatest common factor of 6194330 and 80?
10
Calculate the highest common factor of 84571075 and 3475.
3475
What is the greatest common factor of 2814 and 351782?
2
What is the highest common divisor of 24128 and 177242?
26
What is the highest common factor of 164779 and 2009?
41
What is the highest common divisor of 75229 and 1204641?
977
Calculate the greatest common factor of 243313606 and 124.
62
Calculate the greatest common factor of 954926172 and 386.
386
What is the greatest common factor of 50496357 and 110580?
5529
Calculate the highest common factor of 350 and 14082180.
70
Calculate the highest common divisor of 1152 and 27916884.
36
Calculate the highest common divisor of 4249450 and 225.
25
Calculate the greatest common factor of 5211 and 2477493.
27
Calculate the greatest common factor of 245 and 1188919095.
245
Calculate the greatest common divisor of 1586 and 300059.
61
What is the greatest common factor of 4271839 and 143?
143
Calculate the highest common divisor of 728712 and 15768.
72
Calculate the highest common divisor of 38093728 and 1728.
32
Calculate the highest common divisor of 455343 and 1134.
21
What is the highest common divisor of 1128 and 1132064936?
376
Calculate the greatest common factor of 2025 and 5541210.
405
Calculate the greatest common factor of 216 and 1525581.
27
Calculate the greatest common divisor of 35640 and 19350900.
1620
Calculate the highest common divisor of 454 and 191580055.
227
What is the highest common divisor of 3 and 57376203?
3
What is the greatest common factor of 160 and 624570160?
80
What is the highest common factor of 12288225 and 10325?
1475
What is the highest common divisor of 826 and 468538?
14
What is the highest common factor of 2222 and 265125?
101
Calculate the highest common factor of 1658491 and 817.
19
What is the greatest common divisor of 500 and 23339540?
20
What is the greatest common factor of 832910 and 815?
5
What is the greatest common divisor of 41616 and 1881356?
68
What is the greatest common factor of 450836583 and 51?
51
Calculate the highest common divisor of 2871496 and 3597.
109
What is the greatest common divisor of 36 and 11509836?
12
What is the greatest common factor of 1568663 and 1616950?
443
Calculate the greatest common factor of 1116808 and 3663.
407
What is the highest common factor of 59 and 784274964?
59
What is the highest common divisor of 16031 and 328321?
17
Calculate the highest common divisor of 1600127 and 107849.
2201
What is the greatest common divisor of 95168 and 37175?
1487
What is the greatest common divisor of 2718980 and 4114?
374
What is the greatest common divisor of 8767 and 19283?
11
What is the greatest common factor of 110058 and 220614?
498
What is the greatest common factor of 268970 and 1630?
10
Calculate the greatest common factor of 29057280 and 7245.
2415
What is the highest common divisor of 6192 and 69875688?
1032
Calculate the highest common divisor of 543 and 274299.
3
What is the highest common divisor of 2970145 and 173625?
2315
Calculate the greatest common factor of 1076198170 and 62.
62
What is the highest common divisor of 117 and 39069909?
9
What is the highest common factor of 80 and 278195?
5
Calculate the greatest common divisor of 284477022 and 83.
83
What is the greatest common factor of 577490 and 5050?
10
What is the greatest common factor of 18594 and 2286?
18
What is the highest common divisor of 500 and 180171000?
500
What is the highest common divisor of 9397414 and 2704?
338
Calculate the highest common divisor of 15238540 and 10.
10
Calculate t